{"id":116,"date":"2018-02-27T16:35:33","date_gmt":"2018-02-27T15:35:33","guid":{"rendered":"http:\/\/societe-histoire-naissance.fr\/?page_id=116"},"modified":"2018-03-21T10:06:02","modified_gmt":"2018-03-21T09:06:02","slug":"journee-detude-du-15-septembre-2012","status":"publish","type":"page","link":"https:\/\/societe-histoire-naissance.fr\/?page_id=116","title":{"rendered":"Journ\u00e9e d\u2019\u00e9tudes du 15 Septembre 2012"},"content":{"rendered":"<h3 class=\"h3 spip\">Programme de la Journ\u00e9e d\u2019\u00e9tudes du 15 Septembre 2012<\/h3>\n<p>Accueil \u00e0 9h<\/p>\n<table class=\"spip\">\n<thead>\n<tr class=\"row_first\">\n<th scope=\"col\">Horaires<\/th>\n<th scope=\"col\">Intervenants<\/th>\n<th scope=\"col\">Programme<\/th>\n<\/tr>\n<\/thead>\n<tbody>\n<tr class=\"row_even\">\n<td><strong>9h30-11h<\/strong><\/td>\n<td><strong>Ren\u00e9 Frydman<\/strong>, <i>Gyn\u00e9cologue-Obst\u00e9tricien<\/i><\/td>\n<td>Espoirs et craintes de l\u2019Assistance M\u00e9dicale \u00e0 la Procr\u00e9ation (A.M.P.)<\/td>\n<\/tr>\n<tr class=\"row_odd\">\n<td><strong>11h-12h30<\/strong><\/td>\n<td><strong>Ilana L\u00f6wy<\/strong>, <i>Historienne de la M\u00e9decine<\/i><\/td>\n<td>Les origines du diagnostic pr\u00e9natal\u00a0: 1960-1980<\/td>\n<\/tr>\n<tr class=\"row_even\">\n<td><strong>12h30-14h<\/strong><\/td>\n<td>repas au restaurant de l\u2019h\u00f4pital<\/td>\n<td><\/td>\n<\/tr>\n<tr class=\"row_odd\">\n<td><strong>14h-15h30<\/strong><\/td>\n<td><strong>Claude Birman<\/strong>, <i>Philosophe<\/i><\/td>\n<td>La filiation, inscription de la relation \u00e9thique dans le temps, selon Levinas<\/td>\n<\/tr>\n<tr class=\"row_even\">\n<td><strong>15h30-17h<\/strong><\/td>\n<td>Pr\u00e9sentation du 5\u00e8me Colloque de la Soci\u00e9t\u00e9 d\u2019Histoire de la Naissance\u00a0: <strong>Hommage \u00e0 Max Ploquin<\/strong><\/td>\n<td>L\u2019Accouchement \u00e0 la maison, d\u2019hier \u00e0 aujourd\u2019hui<\/td>\n<\/tr>\n<\/tbody>\n<\/table>\n","protected":false},"excerpt":{"rendered":"<p>Programme de la Journ\u00e9e d\u2019\u00e9tudes du 15 Septembre 2012 Accueil \u00e0 9h Horaires Intervenants Programme 9h30-11h Ren\u00e9 Frydman, Gyn\u00e9cologue-Obst\u00e9tricien Espoirs et craintes de l\u2019Assistance M\u00e9dicale \u00e0 la Procr\u00e9ation (A.M.P.) 11h-12h30 Ilana L\u00f6wy, Historienne de la M\u00e9decine Les origines du diagnostic pr\u00e9natal\u00a0: 1960-1980 12h30-14h repas au restaurant de l\u2019h\u00f4pital 14h-15h30 Claude Birman, Philosophe La filiation, inscription&hellip;<\/p>\n<p class=\"more-link-wrapper\"><a class=\"more-link\" href=\"https:\/\/societe-histoire-naissance.fr\/?page_id=116\">Continue<\/a><\/p>\n","protected":false},"author":1,"featured_media":0,"parent":57,"menu_order":0,"comment_status":"closed","ping_status":"closed","template":"","meta":{"footnotes":""},"_links":{"self":[{"href":"https:\/\/societe-histoire-naissance.fr\/index.php?rest_route=\/wp\/v2\/pages\/116"}],"collection":[{"href":"https:\/\/societe-histoire-naissance.fr\/index.php?rest_route=\/wp\/v2\/pages"}],"about":[{"href":"https:\/\/societe-histoire-naissance.fr\/index.php?rest_route=\/wp\/v2\/types\/page"}],"author":[{"embeddable":true,"href":"https:\/\/societe-histoire-naissance.fr\/index.php?rest_route=\/wp\/v2\/users\/1"}],"replies":[{"embeddable":true,"href":"https:\/\/societe-histoire-naissance.fr\/index.php?rest_route=%2Fwp%2Fv2%2Fcomments&post=116"}],"version-history":[{"count":2,"href":"https:\/\/societe-histoire-naissance.fr\/index.php?rest_route=\/wp\/v2\/pages\/116\/revisions"}],"predecessor-version":[{"id":148,"href":"https:\/\/societe-histoire-naissance.fr\/index.php?rest_route=\/wp\/v2\/pages\/116\/revisions\/148"}],"up":[{"embeddable":true,"href":"https:\/\/societe-histoire-naissance.fr\/index.php?rest_route=\/wp\/v2\/pages\/57"}],"wp:attachment":[{"href":"https:\/\/societe-histoire-naissance.fr\/index.php?rest_route=%2Fwp%2Fv2%2Fmedia&parent=116"}],"curies":[{"name":"wp","href":"https:\/\/api.w.org\/{rel}","templated":true}]}}

Journée d’études du 15 Septembre 2012

<h3 class="h3 spip">Programme de la Journée d’études du 15 Septembre 2012</h3>
<p>Accueil à 9h</p>
<table class="spip">
<thead>
<tr class="row_first">
<th scope="col">Horaires</th>
<th scope="col">Intervenants</th>
<th scope="col">Programme</th>
</tr>
</thead>
<tbody>
<tr class="row_even">
<td><strong>9h30-11h</strong></td>
<td><strong>René Frydman</strong>, <i>Gynécologue-Obstétricien</i></td>
<td>Espoirs et craintes de l’Assistance Médicale à la Procréation (A.M.P.)</td>
</tr>
<tr class="row_odd">
<td><strong>11h-12h30</strong></td>
<td><strong>Ilana Löwy</strong>, <i>Historienne de la Médecine</i></td>
<td>Les origines du diagnostic prénatal : 1960-1980</td>
</tr>
<tr class="row_even">
<td><strong>12h30-14h</strong></td>
<td>repas au restaurant de l’hôpital</td>
<td></td>
</tr>
<tr class="row_odd">
<td><strong>14h-15h30</strong></td>
<td><strong>Claude Birman</strong>, <i>Philosophe</i></td>
<td>La filiation, inscription de la relation éthique dans le temps, selon Levinas</td>
</tr>
<tr class="row_even">
<td><strong>15h30-17h</strong></td>
<td>Présentation du 5ème Colloque de la Société d’Histoire de la Naissance : <strong>Hommage à Max Ploquin</strong></td>
<td>L’Accouchement à la maison, d’hier à aujourd’hui</td>
</tr>
</tbody>
</table>

<p>Programme de la Journée d’études du 15 Septembre 2012 Accueil à 9h Horaires Intervenants Programme 9h30-11h René Frydman, Gynécologue-Obstétricien Espoirs et craintes de l’Assistance Médicale à la Procréation (A.M.P.) 11h-12h30 Ilana Löwy, Historienne de la Médecine Les origines du diagnostic prénatal : 1960-1980 12h30-14h repas au restaurant de l’hôpital 14h-15h30 Claude Birman, Philosophe La filiation, inscription&hellip;</p>
<p class="more-link-wrapper"><a class="more-link" href="https://societe-histoire-naissance.fr/?page_id=116">Continue</a></p>
