{"id":123,"date":"2018-03-21T09:48:24","date_gmt":"2018-03-21T08:48:24","guid":{"rendered":"http:\/\/societe-histoire-naissance.fr\/?page_id=123"},"modified":"2018-03-21T10:05:06","modified_gmt":"2018-03-21T09:05:06","slug":"journee-detude-du-23-mars-2013","status":"publish","type":"page","link":"https:\/\/societe-histoire-naissance.fr\/?page_id=123","title":{"rendered":"Journ\u00e9e d\u2019\u00e9tudes du 23 mars 2013"},"content":{"rendered":"<div class=\"surlignable\">\n<div class=\"chapo\">\n<p>\u00c9cole de sages-femmes BAUDELOCQUE \u2028Universit\u00e9 Paris V &#8211; Facult\u00e9 de M\u00e9decine Paris Descartes<\/p>\n<p>H\u00f4pital Saint-Vincent de Paul<\/p>\n<p>B\u00e2timent Mich\u00e8le Rapine-Porte 2<\/p>\n<p>82, avenue Denfert-Rochereau 75014 PARIS T\u00e9l\u00a0: 01 58 41 13 90<\/p>\n<\/div>\n<\/div>\n","protected":false},"excerpt":{"rendered":"<p>\u00c9cole de sages-femmes BAUDELOCQUE \u2028Universit\u00e9 Paris V &#8211; Facult\u00e9 de M\u00e9decine Paris Descartes H\u00f4pital Saint-Vincent de Paul B\u00e2timent Mich\u00e8le Rapine-Porte 2 82, avenue Denfert-Rochereau 75014 PARIS T\u00e9l\u00a0: 01 58 41 13 90<\/p>\n","protected":false},"author":1,"featured_media":0,"parent":57,"menu_order":0,"comment_status":"closed","ping_status":"closed","template":"","meta":{"footnotes":""},"_links":{"self":[{"href":"https:\/\/societe-histoire-naissance.fr\/index.php?rest_route=\/wp\/v2\/pages\/123"}],"collection":[{"href":"https:\/\/societe-histoire-naissance.fr\/index.php?rest_route=\/wp\/v2\/pages"}],"about":[{"href":"https:\/\/societe-histoire-naissance.fr\/index.php?rest_route=\/wp\/v2\/types\/page"}],"author":[{"embeddable":true,"href":"https:\/\/societe-histoire-naissance.fr\/index.php?rest_route=\/wp\/v2\/users\/1"}],"replies":[{"embeddable":true,"href":"https:\/\/societe-histoire-naissance.fr\/index.php?rest_route=%2Fwp%2Fv2%2Fcomments&post=123"}],"version-history":[{"count":2,"href":"https:\/\/societe-histoire-naissance.fr\/index.php?rest_route=\/wp\/v2\/pages\/123\/revisions"}],"predecessor-version":[{"id":146,"href":"https:\/\/societe-histoire-naissance.fr\/index.php?rest_route=\/wp\/v2\/pages\/123\/revisions\/146"}],"up":[{"embeddable":true,"href":"https:\/\/societe-histoire-naissance.fr\/index.php?rest_route=\/wp\/v2\/pages\/57"}],"wp:attachment":[{"href":"https:\/\/societe-histoire-naissance.fr\/index.php?rest_route=%2Fwp%2Fv2%2Fmedia&parent=123"}],"curies":[{"name":"wp","href":"https:\/\/api.w.org\/{rel}","templated":true}]}}