{"id":125,"date":"2018-03-21T09:50:04","date_gmt":"2018-03-21T08:50:04","guid":{"rendered":"http:\/\/societe-histoire-naissance.fr\/?page_id=125"},"modified":"2018-03-21T10:05:01","modified_gmt":"2018-03-21T09:05:01","slug":"journee-detude-du-8-decembre-2012","status":"publish","type":"page","link":"https:\/\/societe-histoire-naissance.fr\/?page_id=125","title":{"rendered":"Journ\u00e9e d\u2019\u00e9tudes du 8 d\u00e9cembre 2012"},"content":{"rendered":"<h3 class=\"h3 spip\">Programme de la Journ\u00e9e d\u2019\u00e9tudes du 8 d\u00e9cembre 2012<\/h3>\n<p>Accueil \u00e0 9h<\/p>\n<table class=\"spip\">\n<thead>\n<tr class=\"row_first\">\n<th scope=\"col\">Horaires<\/th>\n<th scope=\"col\">Intervenants<\/th>\n<th scope=\"col\">Programme<\/th>\n<\/tr>\n<\/thead>\n<tbody>\n<tr class=\"row_even\">\n<td><strong>9h30-11h<\/strong><\/td>\n<td><strong>Jean-Louis Fischer<\/strong>, <i>Biologiste, historien des sciences<\/i><\/td>\n<td>L\u2019art de faire de beaux enfants<\/td>\n<\/tr>\n<tr class=\"row_odd\">\n<td><strong>11h-12h30<\/strong><\/td>\n<td><strong>B\u00e9n\u00e9dicte Champenois Rousseau<\/strong>, <i>Sociologue<\/i><\/td>\n<td>La communication sur le d\u00e9pistage ant\u00e9natal lors de la premi\u00e8re consultation avec la femme\u00a0: comparaison entre la France et l\u2019Angleterre<\/td>\n<\/tr>\n<tr class=\"row_even\">\n<td><strong>12h30-14h<\/strong><\/td>\n<td>repas au restaurant de l\u2019h\u00f4pital<\/td>\n<td><\/td>\n<\/tr>\n<tr class=\"row_odd\">\n<td><strong>14h-15h30<\/strong><\/td>\n<td><strong>Marion Chaillan<\/strong>, <i>Sage-femme<\/i><\/td>\n<td>La perception par les sages-femmes de la s\u00e9curit\u00e9 et des risques des pratiques autour de la naissance<\/td>\n<\/tr>\n<tr class=\"row_even\">\n<td><strong>15h30-17h<\/strong><\/td>\n<td><strong>Anayensi Brenes<\/strong>,<i>Sociologue<\/i><\/td>\n<td>O\u00f9 avoir son enfant aujourd\u2019hui \u00e0 Belo Horizonte (Br\u00e9sil)\u00a0?<\/td>\n<\/tr>\n<tr class=\"row_odd\">\n<td><strong>17h-17h30<\/strong><\/td>\n<td><\/td>\n<td>Le point sur la pr\u00e9paration du 5\u00e8me Colloque de la Soci\u00e9t\u00e9 d\u2019Histoire de la Naissance (21-22 septembre 2013 \u00e0 Ch\u00e2teauroux)\u00a0: Hommage \u00e0 Max Ploquin<\/td>\n<\/tr>\n<\/tbody>\n<\/table>\n","protected":false},"excerpt":{"rendered":"<p>Programme de la Journ\u00e9e d\u2019\u00e9tudes du 8 d\u00e9cembre 2012 Accueil \u00e0 9h Horaires Intervenants Programme 9h30-11h Jean-Louis Fischer, Biologiste, historien des sciences L\u2019art de faire de beaux enfants 11h-12h30 B\u00e9n\u00e9dicte Champenois Rousseau, Sociologue La communication sur le d\u00e9pistage ant\u00e9natal lors de la premi\u00e8re consultation avec la femme\u00a0: comparaison entre la France et l\u2019Angleterre 12h30-14h repas&hellip;<\/p>\n<p class=\"more-link-wrapper\"><a class=\"more-link\" href=\"https:\/\/societe-histoire-naissance.fr\/?page_id=125\">Continue<\/a><\/p>\n","protected":false},"author":1,"featured_media":0,"parent":57,"menu_order":0,"comment_status":"closed","ping_status":"closed","template":"","meta":{"footnotes":""},"_links":{"self":[{"href":"https:\/\/societe-histoire-naissance.fr\/index.php?rest_route=\/wp\/v2\/pages\/125"}],"collection":[{"href":"https:\/\/societe-histoire-naissance.fr\/index.php?rest_route=\/wp\/v2\/pages"}],"about":[{"href":"https:\/\/societe-histoire-naissance.fr\/index.php?rest_route=\/wp\/v2\/types\/page"}],"author":[{"embeddable":true,"href":"https:\/\/societe-histoire-naissance.fr\/index.php?rest_route=\/wp\/v2\/users\/1"}],"replies":[{"embeddable":true,"href":"https:\/\/societe-histoire-naissance.fr\/index.php?rest_route=%2Fwp%2Fv2%2Fcomments&post=125"}],"version-history":[{"count":2,"href":"https:\/\/societe-histoire-naissance.fr\/index.php?rest_route=\/wp\/v2\/pages\/125\/revisions"}],"predecessor-version":[{"id":145,"href":"https:\/\/societe-histoire-naissance.fr\/index.php?rest_route=\/wp\/v2\/pages\/125\/revisions\/145"}],"up":[{"embeddable":true,"href":"https:\/\/societe-histoire-naissance.fr\/index.php?rest_route=\/wp\/v2\/pages\/57"}],"wp:attachment":[{"href":"https:\/\/societe-histoire-naissance.fr\/index.php?rest_route=%2Fwp%2Fv2%2Fmedia&parent=125"}],"curies":[{"name":"wp","href":"https:\/\/api.w.org\/{rel}","templated":true}]}}