{"id":141,"date":"2018-03-21T10:00:57","date_gmt":"2018-03-21T09:00:57","guid":{"rendered":"http:\/\/societe-histoire-naissance.fr\/?page_id=141"},"modified":"2018-03-21T10:04:14","modified_gmt":"2018-03-21T09:04:14","slug":"journee-detudes-du-13-decembre-2014","status":"publish","type":"page","link":"https:\/\/societe-histoire-naissance.fr\/?page_id=141","title":{"rendered":"Journ\u00e9e d\u2019\u00e9tudes du 13 d\u00e9cembre 2014"},"content":{"rendered":"<div class=\"surlignable\">\n<div class=\"chapo\">\n<p><em>La prochaine Journ\u00e9e d\u2019\u00e9tudes de la SHN se d\u00e9roulera le samedi 13 d\u00e9cembre \u00e0 l\u2019\u00c9cole de sages-femmes de Saint-Vincent-de-Paul. Au programme&#8230;<\/em><\/p>\n<\/div>\n<div class=\"texte\">\n<p>9 h 30 \u2013 11 h\u00a0: <strong>Paul Cesbron<\/strong>, Naissance et guerre (1914-1918)<\/p>\n<p>11 h -12 h 30\u00a0: <strong>Michel Odent<\/strong>, gyn\u00e9cologue-obst\u00e9tricien. Interview film\u00e9e (r\u00e9alis\u00e9e le 22 mars 2011), en sa pr\u00e9sence.<\/p>\n<p>12 h 30 \u2013 14 h\u00a0: repas au restaurant de l\u2019h\u00f4pital.<\/p>\n<p>14 h -15 h\u00a0: Discussion avec <strong>Michel Odent<\/strong><\/p>\n<p>15 h -16 h 30\u00a0: <strong>Laurent Vercoustre<\/strong>, gyn\u00e9cologue-obst\u00e9tricien, L\u2019\u00e9preuve du travail en obst\u00e9trique, vestige de la v\u00e9rit\u00e9-\u00e9v\u00e9nement.<\/p>\n<p>16 h 30 -17 h\u00a0: Pr\u00e9paration du prochain colloque (septembre 2016)<\/p>\n<\/div>\n<\/div>\n","protected":false},"excerpt":{"rendered":"<p>La prochaine Journ\u00e9e d\u2019\u00e9tudes de la SHN se d\u00e9roulera le samedi 13 d\u00e9cembre \u00e0 l\u2019\u00c9cole de sages-femmes de Saint-Vincent-de-Paul. Au programme&#8230; 9 h 30 \u2013 11 h\u00a0: Paul Cesbron, Naissance et guerre (1914-1918) 11 h -12 h 30\u00a0: Michel Odent, gyn\u00e9cologue-obst\u00e9tricien. Interview film\u00e9e (r\u00e9alis\u00e9e le 22 mars 2011), en sa pr\u00e9sence. 12 h 30 \u2013&hellip;<\/p>\n<p class=\"more-link-wrapper\"><a class=\"more-link\" href=\"https:\/\/societe-histoire-naissance.fr\/?page_id=141\">Continue<\/a><\/p>\n","protected":false},"author":1,"featured_media":0,"parent":57,"menu_order":0,"comment_status":"closed","ping_status":"closed","template":"","meta":{"footnotes":""},"_links":{"self":[{"href":"https:\/\/societe-histoire-naissance.fr\/index.php?rest_route=\/wp\/v2\/pages\/141"}],"collection":[{"href":"https:\/\/societe-histoire-naissance.fr\/index.php?rest_route=\/wp\/v2\/pages"}],"about":[{"href":"https:\/\/societe-histoire-naissance.fr\/index.php?rest_route=\/wp\/v2\/types\/page"}],"author":[{"embeddable":true,"href":"https:\/\/societe-histoire-naissance.fr\/index.php?rest_route=\/wp\/v2\/users\/1"}],"replies":[{"embeddable":true,"href":"https:\/\/societe-histoire-naissance.fr\/index.php?rest_route=%2Fwp%2Fv2%2Fcomments&post=141"}],"version-history":[{"count":1,"href":"https:\/\/societe-histoire-naissance.fr\/index.php?rest_route=\/wp\/v2\/pages\/141\/revisions"}],"predecessor-version":[{"id":142,"href":"https:\/\/societe-histoire-naissance.fr\/index.php?rest_route=\/wp\/v2\/pages\/141\/revisions\/142"}],"up":[{"embeddable":true,"href":"https:\/\/societe-histoire-naissance.fr\/index.php?rest_route=\/wp\/v2\/pages\/57"}],"wp:attachment":[{"href":"https:\/\/societe-histoire-naissance.fr\/index.php?rest_route=%2Fwp%2Fv2%2Fmedia&parent=141"}],"curies":[{"name":"wp","href":"https:\/\/api.w.org\/{rel}","templated":true}]}}