{"id":156,"date":"2018-03-21T10:14:15","date_gmt":"2018-03-21T09:14:15","guid":{"rendered":"http:\/\/societe-histoire-naissance.fr\/?page_id=156"},"modified":"2018-03-21T10:14:15","modified_gmt":"2018-03-21T09:14:15","slug":"4e-colloque-de-la-societe-dhistoire-de-la-naissance-accueillir-le-nouveau-ne-dhier-a-aujourdhui","status":"publish","type":"page","link":"https:\/\/societe-histoire-naissance.fr\/?page_id=156","title":{"rendered":"4e colloque de la Soci\u00e9t\u00e9 d&#8217;histoire de la Naissance : Accueillir le nouveau-n\u00e9, d\u2019hier \u00e0 aujourd\u2019hui"},"content":{"rendered":"<ul class=\"archives_events\">\n<li>25 &#8211; 26 septembre 2010 &#8211; Sabl\u00e9-sur-Sarthe<\/li>\n<\/ul>\n<div class=\"texte\">\n<p>Depuis la naissance \u00e0 Rome dans l\u2019Antiquit\u00e9, o\u00f9 le nouveau-n\u00e9 pos\u00e9 sur le sol devait \u00eatre relev\u00e9 pour \u00eatre admis dans la famille, jusqu\u2019\u00e0 la naissance surm\u00e9dicalis\u00e9e dans nos maternit\u00e9s occidentales, les conditions d\u2019accueil du nouveau-n\u00e9 ont radicalement chang\u00e9 dans le temps et dans l\u2019espace.<\/p>\n<p>Le quatri\u00e8me colloque organis\u00e9 par la Soci\u00e9t\u00e9 d\u2019Histoire de la Naissance, centr\u00e9 sur les premiers jours de la vie, se propose de revenir sur les grands moments de cette \u00e9volution gr\u00e2ce l\u2019\u00e9tude de textes, d\u2019images et de t\u00e9moignages\u00a0; entre les communications, des textes litt\u00e9raires ou d\u2019archives seront lus par des com\u00e9diens\u00a0; des images et des films seront projet\u00e9s.<\/p>\n<p>On s\u2019int\u00e9ressera aussi bien aux images m\u00e9di\u00e9vales de naissance sacr\u00e9es et \u00e0 la description par le m\u00e9decin Jean H\u00e9roard du corps du futur Louis XIII au moment de sa naissance en 1601, qu\u2019\u00e0 la r\u00e9volution de la \u00ab\u00a0naissance sans violence\u00a0\u00bb, initi\u00e9e par Fr\u00e9d\u00e9rick Leboyer \u00e0 partir des ann\u00e9es 1970, ou aux rites de naissance hier et aujourd\u2019hui dans certaines r\u00e9gions d\u2019Afrique. Enfin, \u00e0 la lumi\u00e8re des recherches et des exp\u00e9rimentations actuelles, on s\u2019interrogera sur les conditions de l\u2019accueil du nouveau-n\u00e9 dans nos nouvelles \u00ab\u00a0usines \u00e0 b\u00e9b\u00e9s\u00a0\u00bb.<\/p>\n<p>R\u00e9unissant des professionnels venus d\u2019horizons divers (historiens, anthropologues, sociologues, sages-femmes, obst\u00e9triciens, p\u00e9diatres, pu\u00e9ricultrices, psychologues), dont certains ont \u00e9t\u00e9 au c\u0153ur des bouleversements r\u00e9cents de l\u2019art de na\u00eetre, ce colloque se propose de prendre du recul par rapport aux \u00e9volutions actuelles de l\u2019accueil des nouveau-n\u00e9s en \u00e9tudiant les pratiques du pass\u00e9 lointain et r\u00e9cent ou de l\u2018ailleurs. \u00c0 l\u2019heure o\u00f9 les sp\u00e9cialistes s\u2019interrogent de plus en plus sur les modalit\u00e9s et les troubles de l\u2019attachement pr\u00e9coce et sur l\u2019entr\u00e9e dans la parentalit\u00e9, cette d\u00e9marche d\u00e9centr\u00e9e peut aider \u00e0 mieux comprendre le pr\u00e9sent.<\/p>\n<\/div>\n","protected":false},"excerpt":{"rendered":"<p>25 &#8211; 26 septembre 2010 &#8211; Sabl\u00e9-sur-Sarthe Depuis la naissance \u00e0 Rome dans l\u2019Antiquit\u00e9, o\u00f9 le nouveau-n\u00e9 pos\u00e9 sur le sol devait \u00eatre relev\u00e9 pour \u00eatre admis dans la famille, jusqu\u2019\u00e0 la naissance surm\u00e9dicalis\u00e9e dans nos maternit\u00e9s occidentales, les conditions d\u2019accueil du nouveau-n\u00e9 ont radicalement chang\u00e9 dans le temps et dans l\u2019espace. Le quatri\u00e8me colloque&hellip;<\/p>\n<p class=\"more-link-wrapper\"><a class=\"more-link\" href=\"https:\/\/societe-histoire-naissance.fr\/?page_id=156\">Continue<\/a><\/p>\n","protected":false},"author":1,"featured_media":0,"parent":151,"menu_order":0,"comment_status":"closed","ping_status":"closed","template":"","meta":{"footnotes":""},"_links":{"self":[{"href":"https:\/\/societe-histoire-naissance.fr\/index.php?rest_route=\/wp\/v2\/pages\/156"}],"collection":[{"href":"https:\/\/societe-histoire-naissance.fr\/index.php?rest_route=\/wp\/v2\/pages"}],"about":[{"href":"https:\/\/societe-histoire-naissance.fr\/index.php?rest_route=\/wp\/v2\/types\/page"}],"author":[{"embeddable":true,"href":"https:\/\/societe-histoire-naissance.fr\/index.php?rest_route=\/wp\/v2\/users\/1"}],"replies":[{"embeddable":true,"href":"https:\/\/societe-histoire-naissance.fr\/index.php?rest_route=%2Fwp%2Fv2%2Fcomments&post=156"}],"version-history":[{"count":1,"href":"https:\/\/societe-histoire-naissance.fr\/index.php?rest_route=\/wp\/v2\/pages\/156\/revisions"}],"predecessor-version":[{"id":160,"href":"https:\/\/societe-histoire-naissance.fr\/index.php?rest_route=\/wp\/v2\/pages\/156\/revisions\/160"}],"up":[{"embeddable":true,"href":"https:\/\/societe-histoire-naissance.fr\/index.php?rest_route=\/wp\/v2\/pages\/151"}],"wp:attachment":[{"href":"https:\/\/societe-histoire-naissance.fr\/index.php?rest_route=%2Fwp%2Fv2%2Fmedia&parent=156"}],"curies":[{"name":"wp","href":"https:\/\/api.w.org\/{rel}","templated":true}]}}