{"id":164,"date":"2018-03-30T19:12:09","date_gmt":"2018-03-30T17:12:09","guid":{"rendered":"http:\/\/societe-histoire-naissance.fr\/?page_id=164"},"modified":"2018-03-30T19:50:46","modified_gmt":"2018-03-30T17:50:46","slug":"2002-2","status":"publish","type":"page","link":"https:\/\/societe-histoire-naissance.fr\/?page_id=164","title":{"rendered":"1e colloque de la Soci\u00e9t\u00e9 d\u2019Histoire de la Naissance : Que s\u2019est-il pass\u00e9 en 1952 \u00e0 la Maternit\u00e9 des Bleuets ?"},"content":{"rendered":"<div class=\"surlignable\">\n<div class=\"chapo\">\n<p><i><img loading=\"lazy\" decoding=\"async\" class=\"spip_logos alignleft\" src=\"https:\/\/web.archive.org\/web\/20170420180327im_\/http:\/\/societe-histoire-naissance.fr\/local\/cache-vignettes\/L146xH200\/arton27-284fb.jpg\" alt=\"\" width=\"146\" height=\"200\" \/><\/i><\/p>\n<\/div>\n<div class=\"texte\">\n<div class=\"encart\">\n<div id=\"tdm\" class=\"divers\">\n<p class=\"menu-titre\"><i>Organis\u00e9 par La Soci\u00e9t\u00e9 d\u2019Histoire de la Naissance et Naissance et Culture \u00e0 Ch\u00e2teauroux<\/i><\/p>\n<\/div>\n<\/div>\n<p><strong>Que s\u2019est-il pass\u00e9 en 1952 \u00e0 la Maternit\u00e9 des Bleuets\u00a0?<\/strong><br \/>\nNous le demanderons aux femmes, aux sages-femmes, m\u00e9decins, acteurs, t\u00e9moins de cette grande aventure, de ses prolongements humains, m\u00e9dicaux et institutionnels. Historiennes, historiens, ont exhum\u00e9 pour nous les textes, t\u00e9moignages et analyses de l\u2019\u00e9poque. Psychanalystes et anthropologues ont aussi beaucoup \u00e0 nous dire, \u00e0 nous apprendre de cette bien curieuse histoire.<\/p>\n<p>Lib\u00e9ration des femmes\u00a0? Premi\u00e8re \u00e9tape de l\u2019indolorisation m\u00e9dicalis\u00e9e et syst\u00e9matis\u00e9e de la grossesse\u00a0? ou exp\u00e9rience m\u00e9dicale sans lendemain\u00a0?<\/p>\n<p>La Soci\u00e9t\u00e9 d\u2019Histoire de la Naissance appelle soignants, historiens, travailleurs sociaux, chercheurs en sciences humaines \u00e0 venir d\u00e9battre, \u00e9couter, enrichir cette page de l\u2019histoire des femmes ouverte sur l\u2019avenir il y a 50 ans.<\/p>\n<h3 class=\"h3 spip\">Samedi 28 Septembre 2002 &#8211; Premi\u00e8re s\u00e9ance<\/h3>\n<ul class=\"spip\">\n<li>8H00\u00a0: Accueil des participants et petit d\u00e9jeuner<\/li>\n<li>9H00\u00a0: Ouverture du Colloque par la pr\u00e9sidente de la Soci\u00e9t\u00e9 d\u2019Histoire de la Naissance, Yvonne KNIBIEHLER<\/li>\n<li>9H15\u00a0: Fernand LAMAZE et l\u2019Accouchement sans Douleur. Marianne LEULLIEZ, historienne Universit\u00e9 de Montpellier<\/li>\n<li>10H00\u00a0: D\u00e9bat<\/li>\n<li>10H30\u00a0: Table ronde des grands acteurs et t\u00e9moins de l\u2019accouchement sans douleur\u00a0: Marc VARENCKA, psychanalyste, Pierre VELAY, gyn\u00e9co-obst\u00e9tricien, Jeanne BOUTIN, sage-femme, Pierre BOUTIN, gyn\u00e9co-obst\u00e9tricien, Anne STEPHANO, sage-femme, Bernard MULDWORF, psychanalyste, Bernard THIS, psychanalyste. D\u00e9bat avec la salle.<\/li>\n<li>12H30\u00a0: Films- t\u00e9moignages des acteurs de l\u2019accouchement sans douleur.<\/li>\n<\/ul>\n<h3 class=\"h3 spip\">Samedi 28 Septembre &#8211; Deuxi\u00e8me s\u00e9ance<\/h3>\n<ul class=\"spip\">\n<li>14H30\u00a0: Les diverses contestations de l\u2019accouchement sans douleur. Jocelyne GEORGE, historienne, universit\u00e9 de Paris<\/li>\n<li>15H00\u00a0: Les f\u00e9ministes et l\u2019accouchement sans douleur par une sage-femme historienne.<\/li>\n<li>15H30\u00a0: L\u2019Accouchement sans douleur\u00a0: Emergences. Andr\u00e9 CHADEYRON, H\u00f4pital Foch.<\/li>\n<li>16H00\u00a0: Pause caf\u00e9.<\/li>\n<li>16H30\u00a0: Table ronde\u00a0: Les continuateurs de la m\u00e9thode\u00a0: Maternit\u00e9 des Bleuets, Maternit\u00e9 des Lilas, Clinique du Belv\u00e9d\u00e8re, Toulouse, Perpignan, Strasbourg, avec Francine DAUPHIN, sage-femme, Michel IRMANN, gyn\u00e9co-obst\u00e9tricien, Daniel LIPSZYC, gyn\u00e9co-obst\u00e9tricien, Claude-Emile TOURNE, gyn\u00e9co-obst\u00e9tricien, Evelyne VAN DER HEYM, directrice de la Maternit\u00e9 des Bluets, Bernard FONTY, gyn\u00e9co-obst\u00e9tricien, Bernard THIS, psychanalyste.<\/li>\n<li>18H00\u00a0: Films- t\u00e9moignages.<\/li>\n<li>20H00\u00a0: Repas musical et dansant<\/li>\n<li>Film\u00a0: <i>Le cas du Docteur LAURENT<\/i><\/li>\n<\/ul>\n<p><span class=\"spip_document_9 spip_documents spip_documents_center\"> <img loading=\"lazy\" decoding=\"async\" src=\"https:\/\/web.archive.org\/web\/20170420180327im_\/http:\/\/societe-histoire-naissance.fr\/local\/cache-vignettes\/L500xH592\/OttoDix_Ursus1927_Pompidou-e9fe7.jpg\" alt=\"\" width=\"500\" height=\"592\" \/><\/span><\/p>\n<h3 class=\"h3 spip\">Dimanche 29 Septembre &#8211; Troisi\u00e8me s\u00e9ance<\/h3>\n<ul class=\"spip\">\n<li>8H00\u00a0: Accueil des participants et petit d\u00e9jeuner<\/li>\n<li>9H00\u00a0: La pr\u00e9histoire de l\u2019accouchement sans douleur. Marie-France MOREL, historienne de la naissance.<\/li>\n<li>10H00\u00a0: La diffusion internationale de l\u2019accouchement sans douleur par la Societ\u00e9 de psycho-prophylaxie obst\u00e9tricale. Pierre VELAY, gyn\u00e9co-obst\u00e9tricien.<\/li>\n<li>11H00\u00a0: L\u2019exp\u00e9rience de Ch\u00e2teauroux. Max PLOQUIN, gyn\u00e9co-obst\u00e9tricien.<\/li>\n<li>11H20\u00a0: L\u2019accouchement sans douleur dans l\u2019Espagne d\u2019aujourd\u2019hui et au Br\u00e9sil, Anayansi CORREA BRESNES<\/li>\n<li>11H50\u00a0: Pal\u00e9o-anthropologie et grossesse. Jean HERBAUD.<\/li>\n<li>12H00\u00a0: C\u00e9r\u00e9monie comm\u00e9morative rue Fernand Lamaze \u00e0 D\u00e9ol.<\/li>\n<\/ul>\n<h3 class=\"h3 spip\">Dimanche 29 Septembre &#8211; Quatri\u00e8me s\u00e9ance<\/h3>\n<ul class=\"spip\">\n<li>14H00\u00a0: L\u2019accouchement sans douleur et le respect des femmes. Chantal BIRMAN, sage-femme.<\/li>\n<li>14H30\u00a0: Transmission et formation. Jean-Marie CHEYNIER, gyn\u00e9co- obst\u00e9tricien, ancien chef de service de la Maternit\u00e9 des Bleuets.<\/li>\n<li>15H30\u00a0: Les f\u00e9es d\u2019aujourd\u2019hui. Genevi\u00e8ve DELAISI de PARSEVAL, psychanalyste.<\/li>\n<li>16H00\u00a0: L\u2019amn\u00e9sie de la naissance et son r\u00f4le dans les pratiques m\u00e9dicales, Danielle RAPOPORT, psychologue clinicienne.<\/li>\n<li>16H30\u00a0: Le mouvement f\u00e9ministe fran\u00e7ais et la maternit\u00e9. Yvonne KNIBIEHLER, historienne Universit\u00e9 de Aix-en-Provence, pr\u00e9sidente de la Soci\u00e9t\u00e9 d\u2019Histoire de la Naissance, Sylvie CHAPERON,<\/li>\n<li>17H00\u00a0: Naissance et cin\u00e9ma.<\/li>\n<li>19H00\u00a0: Fin du Colloque<\/li>\n<\/ul>\n<\/div>\n<\/div>\n","protected":false},"excerpt":{"rendered":"<p>Organis\u00e9 par La Soci\u00e9t\u00e9 d\u2019Histoire de la Naissance et Naissance et Culture \u00e0 Ch\u00e2teauroux Que s\u2019est-il pass\u00e9 en 1952 \u00e0 la Maternit\u00e9 des Bleuets\u00a0? Nous le demanderons aux femmes, aux sages-femmes, m\u00e9decins, acteurs, t\u00e9moins de cette grande aventure, de ses prolongements humains, m\u00e9dicaux et institutionnels. Historiennes, historiens, ont exhum\u00e9 pour nous les textes, t\u00e9moignages et&hellip;<\/p>\n<p class=\"more-link-wrapper\"><a class=\"more-link\" href=\"https:\/\/societe-histoire-naissance.fr\/?page_id=164\">Continue<\/a><\/p>\n","protected":false},"author":1,"featured_media":0,"parent":151,"menu_order":0,"comment_status":"closed","ping_status":"closed","template":"","meta":{"footnotes":""},"_links":{"self":[{"href":"https:\/\/societe-histoire-naissance.fr\/index.php?rest_route=\/wp\/v2\/pages\/164"}],"collection":[{"href":"https:\/\/societe-histoire-naissance.fr\/index.php?rest_route=\/wp\/v2\/pages"}],"about":[{"href":"https:\/\/societe-histoire-naissance.fr\/index.php?rest_route=\/wp\/v2\/types\/page"}],"author":[{"embeddable":true,"href":"https:\/\/societe-histoire-naissance.fr\/index.php?rest_route=\/wp\/v2\/users\/1"}],"replies":[{"embeddable":true,"href":"https:\/\/societe-histoire-naissance.fr\/index.php?rest_route=%2Fwp%2Fv2%2Fcomments&post=164"}],"version-history":[{"count":2,"href":"https:\/\/societe-histoire-naissance.fr\/index.php?rest_route=\/wp\/v2\/pages\/164\/revisions"}],"predecessor-version":[{"id":187,"href":"https:\/\/societe-histoire-naissance.fr\/index.php?rest_route=\/wp\/v2\/pages\/164\/revisions\/187"}],"up":[{"embeddable":true,"href":"https:\/\/societe-histoire-naissance.fr\/index.php?rest_route=\/wp\/v2\/pages\/151"}],"wp:attachment":[{"href":"https:\/\/societe-histoire-naissance.fr\/index.php?rest_route=%2Fwp%2Fv2%2Fmedia&parent=164"}],"curies":[{"name":"wp","href":"https:\/\/api.w.org\/{rel}","templated":true}]}}