{"id":215,"date":"2018-09-03T09:42:24","date_gmt":"2018-09-03T07:42:24","guid":{"rendered":"http:\/\/societe-histoire-naissance.fr\/?page_id=215"},"modified":"2018-09-05T09:59:20","modified_gmt":"2018-09-05T07:59:20","slug":"journee-detude-du-15-septembre-2018","status":"publish","type":"page","link":"https:\/\/societe-histoire-naissance.fr\/?page_id=215","title":{"rendered":"Journ\u00e9e d&#8217;\u00e9tude du 15 septembre 2018"},"content":{"rendered":"<p>Lieu : Salle polyvalente de la Maternit\u00e9 des Bluets<br \/>\n4 rue Lasson<br \/>\n75012 Paris<\/p>\n<p>Pour s&#8217;y rendre, il y a entre autres les transports suivants:<br \/>\nMetro Bel air (6), ou Porte de Vincennes (1)<br \/>\ntram T3a Alexandra David-Neel<br \/>\nBus 29 Docteur Netter<\/p>\n<p><span style=\"text-decoration: underline;\">Programme :<\/span><\/p>\n<p><strong>9h30 &#8211; 11h :<\/strong> Obrillant DAMUS, socio-anthropologue, titulaire de la chaire des Am\u00e9riques de Rennes, professeur \u00e0 l&#8217;Universit\u00e9 d&#8217;Etat\u00a0d&#8217;Ha\u00efti\u00a0et \u00e0 l&#8217;Universit\u00e9 Quisqueya :<br \/>\nAccouchement traditionnel et nature en Ha\u00efti<\/p>\n<p><strong>11h &#8211; 12h30 :<\/strong> Cl\u00e9mence SHANTZ INGUENAULT, sociologue :<br \/>\nConstruire le corps f\u00e9minin \u00e0 travers les pratiques obst\u00e9tricales \u00e0 Phnom Penh (Cambodge)<\/p>\n<p><strong>14h &#8211; 15h30 :<\/strong> B\u00e9atrice JACQUES, sociologue (Universit\u00e9 de Bordeaux) :<br \/>\nEntrer dans le champ de la pr\u00e9vention du cancer (pour toutes les femmes) : un nouvel enjeu de reconnaissance pour les sages-femmes<\/p>\n<p><strong>15h30 &#8211; 17h :<\/strong> Marie-France MOREL, historienne (Pr\u00e9sidente de la Soci\u00e9t\u00e9 d&#8217;Histoire de la Naissance) :<br \/>\nLes saints du lait : les recours religieux en cas de difficult\u00e9s dans l\u2019allaitement<\/p>\n","protected":false},"excerpt":{"rendered":"<p>Lieu : Salle polyvalente de la Maternit\u00e9 des Bluets 4 rue Lasson 75012 Paris Pour s&#8217;y rendre, il y a entre autres les transports suivants: Metro Bel air (6), ou Porte de Vincennes (1) tram T3a Alexandra David-Neel Bus 29 Docteur Netter Programme : 9h30 &#8211; 11h : Obrillant DAMUS, socio-anthropologue, titulaire de la chaire&hellip;<\/p>\n<p class=\"more-link-wrapper\"><a class=\"more-link\" href=\"https:\/\/societe-histoire-naissance.fr\/?page_id=215\">Continue<\/a><\/p>\n","protected":false},"author":1,"featured_media":0,"parent":57,"menu_order":0,"comment_status":"closed","ping_status":"closed","template":"","meta":{"footnotes":""},"_links":{"self":[{"href":"https:\/\/societe-histoire-naissance.fr\/index.php?rest_route=\/wp\/v2\/pages\/215"}],"collection":[{"href":"https:\/\/societe-histoire-naissance.fr\/index.php?rest_route=\/wp\/v2\/pages"}],"about":[{"href":"https:\/\/societe-histoire-naissance.fr\/index.php?rest_route=\/wp\/v2\/types\/page"}],"author":[{"embeddable":true,"href":"https:\/\/societe-histoire-naissance.fr\/index.php?rest_route=\/wp\/v2\/users\/1"}],"replies":[{"embeddable":true,"href":"https:\/\/societe-histoire-naissance.fr\/index.php?rest_route=%2Fwp%2Fv2%2Fcomments&post=215"}],"version-history":[{"count":3,"href":"https:\/\/societe-histoire-naissance.fr\/index.php?rest_route=\/wp\/v2\/pages\/215\/revisions"}],"predecessor-version":[{"id":220,"href":"https:\/\/societe-histoire-naissance.fr\/index.php?rest_route=\/wp\/v2\/pages\/215\/revisions\/220"}],"up":[{"embeddable":true,"href":"https:\/\/societe-histoire-naissance.fr\/index.php?rest_route=\/wp\/v2\/pages\/57"}],"wp:attachment":[{"href":"https:\/\/societe-histoire-naissance.fr\/index.php?rest_route=%2Fwp%2Fv2%2Fmedia&parent=215"}],"curies":[{"name":"wp","href":"https:\/\/api.w.org\/{rel}","templated":true}]}}

Journée d&#8217;étude du 15 septembre 2018

<p>Lieu : Salle polyvalente de la Maternité des Bluets<br />
4 rue Lasson<br />
75012 Paris</p>
<p>Pour s&#8217;y rendre, il y a entre autres les transports suivants:<br />
Metro Bel air (6), ou Porte de Vincennes (1)<br />
tram T3a Alexandra David-Neel<br />
Bus 29 Docteur Netter</p>
<p><span style="text-decoration: underline;">Programme :</span></p>
<p><strong>9h30 &#8211; 11h :</strong> Obrillant DAMUS, socio-anthropologue, titulaire de la chaire des Amériques de Rennes, professeur à l&#8217;Université d&#8217;Etat d&#8217;Haïti et à l&#8217;Université Quisqueya :<br />
Accouchement traditionnel et nature en Haïti</p>
<p><strong>11h &#8211; 12h30 :</strong> Clémence SHANTZ INGUENAULT, sociologue :<br />
Construire le corps féminin à travers les pratiques obstétricales à Phnom Penh (Cambodge)</p>
<p><strong>14h &#8211; 15h30 :</strong> Béatrice JACQUES, sociologue (Université de Bordeaux) :<br />
Entrer dans le champ de la prévention du cancer (pour toutes les femmes) : un nouvel enjeu de reconnaissance pour les sages-femmes</p>
<p><strong>15h30 &#8211; 17h :</strong> Marie-France MOREL, historienne (Présidente de la Société d&#8217;Histoire de la Naissance) :<br />
Les saints du lait : les recours religieux en cas de difficultés dans l’allaitement</p>

<p>Lieu : Salle polyvalente de la Maternité des Bluets 4 rue Lasson 75012 Paris Pour s&#8217;y rendre, il y a entre autres les transports suivants: Metro Bel air (6), ou Porte de Vincennes (1) tram T3a Alexandra David-Neel Bus 29 Docteur Netter Programme : 9h30 &#8211; 11h : Obrillant DAMUS, socio-anthropologue, titulaire de la chaire&hellip;</p>
<p class="more-link-wrapper"><a class="more-link" href="https://societe-histoire-naissance.fr/?page_id=215">Continue</a></p>
