{"id":313,"date":"2019-07-21T15:37:45","date_gmt":"2019-07-21T13:37:45","guid":{"rendered":"http:\/\/societe-histoire-naissance.fr\/?page_id=313"},"modified":"2019-07-21T15:37:45","modified_gmt":"2019-07-21T13:37:45","slug":"journee-detudes-du-14-septembre-2019","status":"publish","type":"page","link":"https:\/\/societe-histoire-naissance.fr\/?page_id=313","title":{"rendered":"Journ\u00e9e d&#8217;\u00e9tudes du 14 septembre 2019"},"content":{"rendered":"<p><br>\n<br>\n<!--StartFragment--><\/p>\n\n\n<p>Lieu : Groupe Hospitalier Diaconesses Croix Saint-Simon<br>P\u00f4le Maternit\u00e9-Fertilit\u00e9<br>18 rue du Sergent Bauchat<br>75012 Paris<\/p>\n\n\n\n<p>Entr\u00e9e par la grille blanche : la salle France Qu\u00e9r\u00e9 est dans le b\u00e2timent en face (suivre les panneaux)<br>M\u00e9tro : Montgallet ou Nation<\/p>\n\n\n\n<p>Programme :<\/p>\n\n\n\n<ul><li><strong>9 h 30 &#8211; 11 h :<\/strong>\u00a0Sophie Courtois, sage-femme : <strong>La maternit\u00e9 de Pithiviers vue par sa population locale (1974-1985)<em>.<\/em><\/strong><\/li><li><strong>11 h &#8211; 12 h 30 :<\/strong>\u00a0Claire Fredj, enseignante chercheure en histoire contemporaine (IDHES, Universit\u00e9 Nanterre-Paris 10) : <strong>Former des sages-femmes dans l\u2019Alg\u00e9rie colonis\u00e9e<\/strong><em><strong>.\u00a0<\/strong><\/em><\/li><li><strong>14 h &#8211; 15 h 30 :<\/strong>\u00a0Nathalie Sage Pranch\u00e8re, historienne (Centre Roland Mousnier, Sorbonne, Paris) : <strong>Quand les sangs s\u2019opposent : compr\u00e9hension et prise en charge des incompatibilit\u00e9s f\u0153to-maternelles (ann\u00e9es 1930-1950)<em>.<\/em><\/strong><\/li><li><strong>15 h 30 &#8211; 17 h :\u00a0<\/strong>pr\u00e9paration du colloque La main ou l\u2019outil ? sens et techniques autour de la naissance d\u2019hier \u00e0 aujourd\u2019hui &#8211; Bordeaux  &#8211; Novembre 2019<\/li><\/ul>\n\n\n<p><!--EndFragment--><br>\n<br>\n<\/p>","protected":false},"excerpt":{"rendered":"<p>Lieu : Groupe Hospitalier Diaconesses Croix Saint-SimonP\u00f4le Maternit\u00e9-Fertilit\u00e918 rue du Sergent Bauchat75012 Paris Entr\u00e9e par la grille blanche : la salle France Qu\u00e9r\u00e9 est dans le b\u00e2timent en face (suivre les panneaux)M\u00e9tro : Montgallet ou Nation Programme : 9 h 30 &#8211; 11 h :\u00a0Sophie Courtois, sage-femme : La maternit\u00e9 de Pithiviers vue par sa&hellip;<\/p>\n<p class=\"more-link-wrapper\"><a class=\"more-link\" href=\"https:\/\/societe-histoire-naissance.fr\/?page_id=313\">Continue<\/a><\/p>\n","protected":false},"author":1,"featured_media":0,"parent":0,"menu_order":0,"comment_status":"closed","ping_status":"closed","template":"","meta":{"footnotes":""},"_links":{"self":[{"href":"https:\/\/societe-histoire-naissance.fr\/index.php?rest_route=\/wp\/v2\/pages\/313"}],"collection":[{"href":"https:\/\/societe-histoire-naissance.fr\/index.php?rest_route=\/wp\/v2\/pages"}],"about":[{"href":"https:\/\/societe-histoire-naissance.fr\/index.php?rest_route=\/wp\/v2\/types\/page"}],"author":[{"embeddable":true,"href":"https:\/\/societe-histoire-naissance.fr\/index.php?rest_route=\/wp\/v2\/users\/1"}],"replies":[{"embeddable":true,"href":"https:\/\/societe-histoire-naissance.fr\/index.php?rest_route=%2Fwp%2Fv2%2Fcomments&post=313"}],"version-history":[{"count":1,"href":"https:\/\/societe-histoire-naissance.fr\/index.php?rest_route=\/wp\/v2\/pages\/313\/revisions"}],"predecessor-version":[{"id":314,"href":"https:\/\/societe-histoire-naissance.fr\/index.php?rest_route=\/wp\/v2\/pages\/313\/revisions\/314"}],"wp:attachment":[{"href":"https:\/\/societe-histoire-naissance.fr\/index.php?rest_route=%2Fwp%2Fv2%2Fmedia&parent=313"}],"curies":[{"name":"wp","href":"https:\/\/api.w.org\/{rel}","templated":true}]}}