{"id":61,"date":"2018-01-18T13:09:34","date_gmt":"2018-01-18T12:09:34","guid":{"rendered":"http:\/\/societe-histoire-naissance.fr\/?page_id=61"},"modified":"2018-01-18T13:12:34","modified_gmt":"2018-01-18T12:12:34","slug":"journee-detudes-du-11-mars-2017","status":"publish","type":"page","link":"https:\/\/societe-histoire-naissance.fr\/?page_id=61","title":{"rendered":"Journ\u00e9e d\u2019\u00e9tudes du 11 mars 2017"},"content":{"rendered":"<div class=\"surlignable\">\n<div class=\"chapo\">\n<p>La prochaine Journ\u00e9e d\u2019\u00e9tudes de la SHN se d\u00e9roulera le samedi 10 d\u00e9cembre 2016 \u00e0 la maternit\u00e9 de Port-Royal (123, Bd de Port-Royal, 75014 Paris, b\u00e2timent PR1, salle 3, rez de jardin, prendre l\u2019ascenseur B et ensuite sur la gauche). Au programme&#8230;<\/p>\n<\/div>\n<p>&nbsp;<\/p>\n<div class=\"texte\">\n<p>9 h 30 \u2013 11 h\u00a0: Juliette Palot Deshayes et Val\u00e9rie Gibrac (association &#8220;Petite \u00c9milie&#8221;)\u00a0: La juste place des professionnels dans l\u2019accompagnement des familles confront\u00e9es \u00e0 la perte d\u2019un tout-petit.<\/p>\n<p>11 h &#8211; 12 h 30\u00a0: Laurence Pourchez (anthropologue, professeur \u00e0 l\u2019Inalco)\u00a0: Na\u00eetre \u00e0 La R\u00e9union avant les ann\u00e9es 1950.<\/p>\n<p>12 h 30 \u2013 14 h\u00a0: repas au restaurant de l\u2019h\u00f4pital.<\/p>\n<p>14 h &#8211; 15 h 30\u00a0: Sezin Top\u00e7u (charg\u00e9e de recherches au CNRS en histoire des techniques)\u00a0: Entre modernit\u00e9 technique et soci\u00e9t\u00e9 du risque\u00a0: sociologie de la c\u00e9sarienne en Turquie.<\/p>\n<p>15 h 30 &#8211; 17 h\u00a0: Assembl\u00e9e g\u00e9n\u00e9rale de la Soci\u00e9t\u00e9 d\u2019Histoire de la Naissance<\/p>\n<\/div>\n<\/div>\n","protected":false},"excerpt":{"rendered":"<p>La prochaine Journ\u00e9e d\u2019\u00e9tudes de la SHN se d\u00e9roulera le samedi 10 d\u00e9cembre 2016 \u00e0 la maternit\u00e9 de Port-Royal (123, Bd de Port-Royal, 75014 Paris, b\u00e2timent PR1, salle 3, rez de jardin, prendre l\u2019ascenseur B et ensuite sur la gauche). Au programme&#8230; &nbsp; 9 h 30 \u2013 11 h\u00a0: Juliette Palot Deshayes et Val\u00e9rie Gibrac&hellip;<\/p>\n<p class=\"more-link-wrapper\"><a class=\"more-link\" href=\"https:\/\/societe-histoire-naissance.fr\/?page_id=61\">Continue<\/a><\/p>\n","protected":false},"author":1,"featured_media":0,"parent":57,"menu_order":0,"comment_status":"closed","ping_status":"closed","template":"","meta":{"footnotes":""},"_links":{"self":[{"href":"https:\/\/societe-histoire-naissance.fr\/index.php?rest_route=\/wp\/v2\/pages\/61"}],"collection":[{"href":"https:\/\/societe-histoire-naissance.fr\/index.php?rest_route=\/wp\/v2\/pages"}],"about":[{"href":"https:\/\/societe-histoire-naissance.fr\/index.php?rest_route=\/wp\/v2\/types\/page"}],"author":[{"embeddable":true,"href":"https:\/\/societe-histoire-naissance.fr\/index.php?rest_route=\/wp\/v2\/users\/1"}],"replies":[{"embeddable":true,"href":"https:\/\/societe-histoire-naissance.fr\/index.php?rest_route=%2Fwp%2Fv2%2Fcomments&post=61"}],"version-history":[{"count":2,"href":"https:\/\/societe-histoire-naissance.fr\/index.php?rest_route=\/wp\/v2\/pages\/61\/revisions"}],"predecessor-version":[{"id":65,"href":"https:\/\/societe-histoire-naissance.fr\/index.php?rest_route=\/wp\/v2\/pages\/61\/revisions\/65"}],"up":[{"embeddable":true,"href":"https:\/\/societe-histoire-naissance.fr\/index.php?rest_route=\/wp\/v2\/pages\/57"}],"wp:attachment":[{"href":"https:\/\/societe-histoire-naissance.fr\/index.php?rest_route=%2Fwp%2Fv2%2Fmedia&parent=61"}],"curies":[{"name":"wp","href":"https:\/\/api.w.org\/{rel}","templated":true}]}}

Journée d’études du 11 mars 2017

<div class="surlignable">
<div class="chapo">
<p>La prochaine Journée d’études de la SHN se déroulera le samedi 10 décembre 2016 à la maternité de Port-Royal (123, Bd de Port-Royal, 75014 Paris, bâtiment PR1, salle 3, rez de jardin, prendre l’ascenseur B et ensuite sur la gauche). Au programme&#8230;</p>
</div>
<p>&nbsp;</p>
<div class="texte">
<p>9 h 30 – 11 h : Juliette Palot Deshayes et Valérie Gibrac (association &#8220;Petite Émilie&#8221;) : La juste place des professionnels dans l’accompagnement des familles confrontées à la perte d’un tout-petit.</p>
<p>11 h &#8211; 12 h 30 : Laurence Pourchez (anthropologue, professeur à l’Inalco) : Naître à La Réunion avant les années 1950.</p>
<p>12 h 30 – 14 h : repas au restaurant de l’hôpital.</p>
<p>14 h &#8211; 15 h 30 : Sezin Topçu (chargée de recherches au CNRS en histoire des techniques) : Entre modernité technique et société du risque : sociologie de la césarienne en Turquie.</p>
<p>15 h 30 &#8211; 17 h : Assemblée générale de la Société d’Histoire de la Naissance</p>
</div>
</div>

<p>La prochaine Journée d’études de la SHN se déroulera le samedi 10 décembre 2016 à la maternité de Port-Royal (123, Bd de Port-Royal, 75014 Paris, bâtiment PR1, salle 3, rez de jardin, prendre l’ascenseur B et ensuite sur la gauche). Au programme&#8230; &nbsp; 9 h 30 – 11 h : Juliette Palot Deshayes et Valérie Gibrac&hellip;</p>
<p class="more-link-wrapper"><a class="more-link" href="https://societe-histoire-naissance.fr/?page_id=61">Continue</a></p>
