{"id":80,"date":"2018-01-24T18:33:42","date_gmt":"2018-01-24T17:33:42","guid":{"rendered":"http:\/\/societe-histoire-naissance.fr\/?page_id=80"},"modified":"2018-01-24T18:33:42","modified_gmt":"2018-01-24T17:33:42","slug":"journee-detudes-du-14-mars-2015","status":"publish","type":"page","link":"https:\/\/societe-histoire-naissance.fr\/?page_id=80","title":{"rendered":"Journ\u00e9e d\u2019\u00e9tudes du 14 mars 2015"},"content":{"rendered":"<p>La prochaine Journ\u00e9e d\u2019\u00e9tudes de la SHN se d\u00e9roulera le samedi 14 mars 2015 \u00e0 l\u2019\u00c9cole de sages-femmes de Saint-Vincent-de-Paul. Au programme&#8230;<\/p>\n<p>La prochaine Journ\u00e9e d\u2019\u00e9tudes de la SHN se d\u00e9roulera le samedi 14 mars 2015 \u00e0 l\u2019\u00c9cole de sages-femmes de Saint-Vincent-de-Paul. Au programme&#8230;<\/p>\n<p>9 h 30 \u2013 11 h : Assembl\u00e9e g\u00e9n\u00e9rale de la Soci\u00e9t\u00e9 d\u2019Histoire de la Naissance.<\/p>\n<p>11 h \u2013 12 h 30 : Marie-Claire BUSNEL, chercheuse en acoustique physiologique (Universit\u00e9 Paris V) : L\u2019audition f\u0153tale et son r\u00f4le dans les liens f\u0153taux-maternels.<\/p>\n<p>12 h 30 \u2013 14 h : repas au restaurant de l\u2019h\u00f4pital.<\/p>\n<p>14 h \u2013 15 h 30 : H\u00e9lo\u00efse MONTUL\u00c9, sage-femme (Tours) : Une part sombre dans l\u2019histoire de la p\u00e9rinatalit\u00e9 : les Lebensborn, ou comment faire na\u00eetre l\u2019id\u00e9al aryen en Europe (1935-1945).<\/p>\n<p>15 h 30 \u2013 17 h : Dominique MEMMI, sociologue (CNRS) : \u00c0 propos de son dernier livre, La revanche de la chair. Essai sur les nouveaux supports de l\u2019identit\u00e9, Seuil, 2014.<\/p>\n","protected":false},"excerpt":{"rendered":"<p>La prochaine Journ\u00e9e d\u2019\u00e9tudes de la SHN se d\u00e9roulera le samedi 14 mars 2015 \u00e0 l\u2019\u00c9cole de sages-femmes de Saint-Vincent-de-Paul. Au programme&#8230; La prochaine Journ\u00e9e d\u2019\u00e9tudes de la SHN se d\u00e9roulera le samedi 14 mars 2015 \u00e0 l\u2019\u00c9cole de sages-femmes de Saint-Vincent-de-Paul. Au programme&#8230; 9 h 30 \u2013 11 h : Assembl\u00e9e g\u00e9n\u00e9rale de la&hellip;<\/p>\n<p class=\"more-link-wrapper\"><a class=\"more-link\" href=\"https:\/\/societe-histoire-naissance.fr\/?page_id=80\">Continue<\/a><\/p>\n","protected":false},"author":1,"featured_media":0,"parent":57,"menu_order":0,"comment_status":"closed","ping_status":"closed","template":"","meta":{"footnotes":""},"_links":{"self":[{"href":"https:\/\/societe-histoire-naissance.fr\/index.php?rest_route=\/wp\/v2\/pages\/80"}],"collection":[{"href":"https:\/\/societe-histoire-naissance.fr\/index.php?rest_route=\/wp\/v2\/pages"}],"about":[{"href":"https:\/\/societe-histoire-naissance.fr\/index.php?rest_route=\/wp\/v2\/types\/page"}],"author":[{"embeddable":true,"href":"https:\/\/societe-histoire-naissance.fr\/index.php?rest_route=\/wp\/v2\/users\/1"}],"replies":[{"embeddable":true,"href":"https:\/\/societe-histoire-naissance.fr\/index.php?rest_route=%2Fwp%2Fv2%2Fcomments&post=80"}],"version-history":[{"count":1,"href":"https:\/\/societe-histoire-naissance.fr\/index.php?rest_route=\/wp\/v2\/pages\/80\/revisions"}],"predecessor-version":[{"id":81,"href":"https:\/\/societe-histoire-naissance.fr\/index.php?rest_route=\/wp\/v2\/pages\/80\/revisions\/81"}],"up":[{"embeddable":true,"href":"https:\/\/societe-histoire-naissance.fr\/index.php?rest_route=\/wp\/v2\/pages\/57"}],"wp:attachment":[{"href":"https:\/\/societe-histoire-naissance.fr\/index.php?rest_route=%2Fwp%2Fv2%2Fmedia&parent=80"}],"curies":[{"name":"wp","href":"https:\/\/api.w.org\/{rel}","templated":true}]}}

Journée d’études du 14 mars 2015

<p>La prochaine Journée d’études de la SHN se déroulera le samedi 14 mars 2015 à l’École de sages-femmes de Saint-Vincent-de-Paul. Au programme&#8230;</p>
<p>La prochaine Journée d’études de la SHN se déroulera le samedi 14 mars 2015 à l’École de sages-femmes de Saint-Vincent-de-Paul. Au programme&#8230;</p>
<p>9 h 30 – 11 h : Assemblée générale de la Société d’Histoire de la Naissance.</p>
<p>11 h – 12 h 30 : Marie-Claire BUSNEL, chercheuse en acoustique physiologique (Université Paris V) : L’audition fœtale et son rôle dans les liens fœtaux-maternels.</p>
<p>12 h 30 – 14 h : repas au restaurant de l’hôpital.</p>
<p>14 h – 15 h 30 : Héloïse MONTULÉ, sage-femme (Tours) : Une part sombre dans l’histoire de la périnatalité : les Lebensborn, ou comment faire naître l’idéal aryen en Europe (1935-1945).</p>
<p>15 h 30 – 17 h : Dominique MEMMI, sociologue (CNRS) : À propos de son dernier livre, La revanche de la chair. Essai sur les nouveaux supports de l’identité, Seuil, 2014.</p>

<p>La prochaine Journée d’études de la SHN se déroulera le samedi 14 mars 2015 à l’École de sages-femmes de Saint-Vincent-de-Paul. Au programme&#8230; La prochaine Journée d’études de la SHN se déroulera le samedi 14 mars 2015 à l’École de sages-femmes de Saint-Vincent-de-Paul. Au programme&#8230; 9 h 30 – 11 h : Assemblée générale de la&hellip;</p>
<p class="more-link-wrapper"><a class="more-link" href="https://societe-histoire-naissance.fr/?page_id=80">Continue</a></p>
